Let b be -8*(-3)/(-12) - (3 + 0). Let t(f) = -f**2 - 5*f + 1. What is t(b)?
1
Suppose 0 = -17*p + 16*p + 3. Suppose -2 = -p*h + 19. Let z(o) = -5*o**2 + 3*o**2 - o**3 - h*o + 1 + 10*o**2. Determine z(7).
1
Suppose 0 = -10*p - 6 - 24. Let i(m) be the third derivative of 0*m**4 + 0 + 0*m + 1/60*m**5 - 2/3*m**3 - 2*m**2. Determine i(p).
5
Let l(u) = u**3 - 5*u**2 + u. Let x be (-1)/(0 + -1)*11. Let d(r) = r + 6. Let t be d(0). Let n = x - t. Give l(n).
5
Let i(z) = 2*z - 1. Let d(o) = o. Suppose m - h - 1 = -14, -2*m = -5*h + 26. Let j(x) = m*d(x) + 6*i(x). Determine j(-8).
2
Let q(p) = -3 - 5 + 4 - 5 + p. Suppose 15*i - 14*i + 7 = 0. Determine q(i).
-16
Let f = 47 - 45. Suppose 0 = -3*y - 12, -5*g - 3 = f*y - 20. Let v(s) = 2*s + 3. What is v(g)?
13
Let y(n) = -24*n + 50. Let x be y(2). Let r(a) = a - 1. Determine r(x).
1
Let v(w) = 5*w. Let l be v(-1). Suppose 20 = 5*t - 4*t. Let i(s) = -t - s**2 + 10 + 13 - 5*s. What is i(l)?
3
Let r = -450 + 444. Let i(g) = g**3 + 6*g**2 - 6*g + 5. Give i(r).
41
Suppose -12*a + 31 = 67. Let h(k) = 2*k - 4. Let s be h(3). Let j(x) = -s*x + x + 0*x. Calculate j(a).
3
Let v(u) = 8*u + 64. Let a be v(-8). Suppose -9*w - 1 - 53 = a. Let i(d) = -d**3 - 6*d**2 + 2*d - 1. Determine i(w).
-13
Let i(x) = 26*x**3 - 3 - 4*x + 6*x - 15*x**3 - x**2 - 13*x**3. Suppose w + w - 4 = 0. What is i(w)?
-19
Let z(f) = f**3 + 19*f**2 + f + 26. Suppose 137 = -2*k - 5*h + 99, -h = 0. Give z(k).
7
Let f(o) = 19*o + 72. Let r be f(-4). Let w(k) = -k**2 - 11*k - 6. What is w(r)?
22
Let h(y) = 29*y + 5*y**2 - 2 + y**2 - 4 + y**3 - 38*y + y**2. Determine h(-8).
2
Let l(g) = -5*g**2 - 3*g + 7. Let s(j) = -j**2 - j + 2. Let w(k) = l(k) - 4*s(k). Suppose 5*h + 6 = 4*p + 2, 0 = 3*h - 4*p + 4. Give w(h).
-1
Let v(q) = q**2 - 1. Let c(b) = -3*b**2 + 13*b - 15. Let f(w) = c(w) + 2*v(w). Determine f(13).
-17
Let m(s) be the second derivative of -s**4/12 - 5*s**3/6 + 5*s**2 + 3*s. Determine m(3).
-14
Let l = 1735 + -1733. Let r(x) be the first derivative of -x - 2 + x**l - 1/3*x**3 - 1/4*x**4. Determine r(-2).
-1
Let t(f) be the third derivative of f**4/24 + f**3/3 + 20*f**2. Let q(n) = 2 - 2*n + 2 + 1 - 4. Let o be q(-3). What is t(o)?
9
Suppose 2*g - 3*f = 0, -2*g + 78*f - 80*f + 10 = 0. Let s(n) be the third derivative of -n**4/6 - n**3/2 + n**2. What is s(g)?
-15
Let i(k) = -k + 2 + k**3 + 2 + 2 - k**2. Suppose 5*n - 25 = q, 3*q + 5*n - 20 = n. Calculate i(q).
6
Suppose 0 = -3*d + 3 - 9. Let w(f) = f**2 + 35*f**3 + f - 17*f**3 - 17*f**3. Give w(d).
-6
Suppose 8 = -4*u - 12. Let a(m) = -4*m**2 + 13*m - 5. Let h(o) = 3*o**2 - 9*o + 3. Let y(z) = u*a(z) - 7*h(z). Suppose 16*f + 5*f = 63. What is y(f)?
-11
Let b(m) = -1 - 1 + 0 + m**2. Suppose 4*r + 30 = -6*r - 0*r. What is b(r)?
7
Let m(b) = -3*b + 39. Let k(w) = -w + 20. Let f(n) = 7*k(n) - 3*m(n). Let i(o) = o + 11. Let p(q) = -2*f(q) + 5*i(q). Suppose 0 = -4*g - g - 35. Determine p(g).
2
Let p(u) = u**3 - u**2 - u + 3. Let l be 19/6 + (-4)/24. Let q = 5 - l. Suppose q*o = -o. Calculate p(o).
3
Let j(c) = -c**3 + 9*c**2 - 8*c - 1. Let g = 19 - -11. Suppose -9*o + 5*o - 20 = -v, 3*v - 2*o = g. Calculate j(v).
-1
Suppose -222 = -5*a - 202. Let j(l) be the second derivative of 3*l + 1/6*l**a + 3/2*l**2 - 5/6*l**3 + 0. Give j(3).
6
Let f(b) = b**3 - 5*b**2 - 2*b + 6. Let p be (-30)/12*-1*2. Let o be f(p). Let s(n) = -n**3 - 5*n**2 - 3*n + 4. What is s(o)?
0
Suppose 0 = 4*a - 5*y - 49, -2*y - 4 = 6. Let p(o) be the second derivative of -o**4/12 + 5*o**3/6 + 5*o**2/2 + 17*o. Calculate p(a).
-1
Let y(n) = -n**3 - 73*n**2 + 151*n + 67. Let c be y(-75). Let i(r) = -r - 5. Let h(a) = a + 4. Let l(k) = -5*h(k) - 6*i(k). Calculate l(c).
2
Let z(f) = -f**3 + 3*f**2 - 3*f. Let j(g) be the first derivative of 1 + 1/3*g**3 + 11*g + 9/2*g**2. Let a be j(-8). Calculate z(a).
-9
Let n(h) = -h**2 + 7*h - 3. Let t(z) = -5*z**2 + 36*z - 15. Suppose -3*x - 2*x - 55 = 0. Let s(p) = x*n(p) + 2*t(p). Give s(5).
3
Let r(j) = -j**2 - 4*j + 1. Suppose 0 = 4*d - 3*v + 16, d + v = -v - 4. Let u be r(d). Let t(m) = -u + m + m + 0 + 4. What is t(-4)?
-5
Let w(j) = -j**3 - 9*j**2 - 8*j - 13. Suppose -9 = s + 2*t, 0*t = t. Give w(s).
59
Let r(p) be the third derivative of -p**5/60 + p**3/3 - 2*p**2 + 83*p. What is r(0)?
2
Let n be (4/8)/((-1)/14). Let s(y) = y**3 - 9*y**2 - 3*y. Let d(u) = -u**3 + u**2 + u + 1. Let m(b) = -2*d(b) - s(b). Give m(n).
-9
Let d(k) = 7*k - 39. Let j(z) = -3*z + 19. Let p(x) = 2*d(x) + 5*j(x). Determine p(11).
6
Let h(n) = 3*n + 2. Suppose 41 = -3*q + 3*z - 2*z, 3*q + 47 = 4*z. Let a be ((-39)/1)/(-3) - -2. Let f = q + a. Calculate h(f).
8
Let z(a) = -a - 1. Suppose -d = -0*d - 4*r - 7, -6 = -3*d - 3*r. Suppose d*k + 32 = 7*k. Suppose k = -j + 5*j. Determine z(j).
-3
Let z(q) = 9*q + 10 - q**2 + q + q**3 - 20*q + 9*q**2 + 3*q. Determine z(-9).
-8
Let z(c) = 14*c + 192. Let b be z(-13). Let x(w) = w**2 - 9*w - 9. What is x(b)?
1
Let x(a) = -10*a + 2. Let u(p) be the first derivative of 5*p**2/2 - p - 11. Let j(o) = 5*u(o) + 3*x(o). Calculate j(-1).
6
Let h(n) = n**3 - 16*n**2 - 15*n - 26. Let s = 397 - 380. What is h(s)?
8
Let w(l) be the first derivative of l**4/4 + 7*l**3/3 + 4*l**2 - 9*l - 466. Calculate w(-5).
1
Let t(m) = 0*m**2 - 9 + 6*m**2 - 9*m**2 + 8*m + 2*m**2. Let w(i) = i**2 - 6*i - 10. Let x be w(8). Let r be t(x). Let c(n) = n**2 - 2*n. What is c(r)?
3
Let m be (-4 - 36/(-8))*0. Suppose -2*f + 10 = m, -3*l - 3*f - f + 26 = 0. Let u(r) = -2*r + 2. Calculate u(l).
-2
Let t(f) = -f**2 + 7*f - 15. Let b be 5 + (5 - (-20)/(-4)) + 1. What is t(b)?
-9
Let c(i) = -22960*i - 7 + i**2 + 22949*i - 4*i**2. Determine c(-3).
-1
Let x(k) = -k**2 - 6*k - 3. Let t = -9 + 13. Suppose 0 = 2*d - 2, -2*g + 0*g + t*d = 0. Suppose -5*r + g - 22 = 0. Determine x(r).
5
Suppose 5*f - 10 = -5*x, -f = -4*x + 6 - 23. Let g(p) = -4*p + 2*p + 4 - f*p - 2*p**2 - 2*p**2 + p**3. What is g(5)?
-6
Suppose 211*x - 207*x + 20 = 0. Let b(a) = -a**3 - 5*a**2 + 2*a + 2. Determine b(x).
-8
Let x(o) = -9*o**3 - 2*o**2 - o + 2*o**2 + o**2. Let w be -2 + 13 - (-3 + 7). Suppose 5*s - 12 = -w*s. Calculate x(s).
-9
Let t(o) = -3*o**2 + 13*o + 17. Let f(a) = a**2 - 4*a - 6. Let b(y) = 11*f(y) + 4*t(y). Give b(7).
9
Let a(o) = -6*o + 11. Let h be a(1). Let k(m) be the first derivative of -m**4/4 + 2*m**3 - 5*m**2/2 - m + 1. Calculate k(h).
-1
Let p(j) be the third derivative of j**6/120 + 11*j**5/60 + j**4/3 + 7*j**3/6 - 227*j**2. Give p(-10).
27
Let l(y) = -7 - y - 5*y**2 + y**2 + 17 - 7 + 8*y**2. Give l(4).
63
Let h(a) = -4*a - 4. Let v be (0 - -6)/(-4 - -6). Give h(v).
-16
Let c(m) be the third derivative of m**5/60 - m**4/3 - 25*m**3/3 - 6*m**2 - 54*m. Determine c(-4).
-2
Let o be 12/(-66) - (-126)/(-33). Let n(r) = r**3 + 3*r**2 - 3*r + 2. Let u be n(o). Let c(k) = k**2 + 3*k + 2. Give c(u).
0
Let k be (-4)/32 + (-123)/(-24). Let d(h) = -8*h - 1. Let x(f) = -9*f - 1. Let b(a) = k*x(a) - 6*d(a). Let l(s) = 2*s + 2. Let v be l(-2). Give b(v).
-5
Let w(b) = 13 - 1 - 3*b - 16 + 9 - b**2. Determine w(2).
-5
Let t(z) = -z**3 - 5*z**2 + 8*z + 7. Suppose 4*m - k = -16 - 7, k - 5 = m. Give t(m).
-5
Let s be (1*2/(-4) + 0)*18. Let v(j) = -j + 6. Let z be v(-6). Let i(l) = z - 2 + 0*l + l. Calculate i(s).
1
Let n(r) = r - 23. Let i(p) = -p**3 - 6*p**2 - 5*p. Let q be i(-5). Calculate n(q).
-23
Let a = -898 + 884. Let y(n) = -n + 6. Determine y(a).
20
Let z(c) = -10361 + 5182 + 5180 + 14*c. Suppose -3*p + 18 = -3*d, 3*p + 3 = p - d. What is z(p)?
15
Let m be 2*((-4)/22 + 2355/66). Let w = m + -73. Let g(o) be the second derivative of -o**3/3 - 3*o**2/2 - o. Determine g(w).
1
Let b(p) = -52*p - 259. Let s be b(-5). Let m(v) = 8*v**2. Calculate m(s).
8
Suppose -2*c + 2 = -c. Suppose 0 = -4*f - 2 - c. Let h(z) = -z**3 - z. Let a(x) = -3*x**3 - 2*x**2 - 6*x - 4. Let g(t) = f*a(t) + 4*h(t). Determine g(3).
1
Let f(m) = -2*m**3 + 10*m**2 - 8*m + 1. Let l(i) = -3 - 2 + 12*i + 7*i**3 - 4*i**3 - 15*i**2 + 3. Let d(w) = 7*f(w) + 5*l(w). What is d(4)?
-3
Let f(m) = -m**2 - 6*m + 5. Let n be f(-6). Let q(v) = -5 - 5*v**2 - v + n*v + 4*v**2 + 2*v**2. Suppose -s + a - 15 = 2*s, 4*a = 4*s + 28. What is q(s)?
-5
Let t(z) = -8*z + 1. Let u be t(1). Suppose 2*j + 21 = 5*i - 0*i, -6 = -5*i - 3*j. Let w(r) = i*r + 8 + 53*r**2 - 54*r**2 - 9*r. Calculate w(u).
